{"id":3425,"date":"2026-08-29T15:55:10","date_gmt":"2026-08-29T15:55:10","guid":{"rendered":"https:\/\/micheldewerdt.fr\/WP\/a-propos-de\/"},"modified":"2026-08-29T16:12:34","modified_gmt":"2026-08-29T16:12:34","slug":"a-propos-de","status":"publish","type":"page","link":"https:\/\/micheldewerdt.fr\/WP\/a-propos-de\/","title":{"rendered":"\u00c0 propos de"},"content":{"rendered":"\n    \n    <section class=\"u-clearfix u-gradient u-section-2\" id=\"block-2\">\n      <div class=\"u-clearfix u-sheet u-sheet-1\">\n        <h2 class=\"u-subtitle u-text u-text-default u-text-white u-text-1\">A propos de la M\u200bJC de la Fert\u00e9 Milon <\/h2>\n        <div class=\"data-layout-selected u-clearfix u-expanded-width u-gutter-16 u-layout-wrap u-radius u-layout-wrap-1\">\n          <div class=\"u-layout\">\n            <div class=\"u-layout-row\">\n              <div class=\"u-size-27\">\n                <div class=\"u-layout-col\">\n                  <div class=\"u-container-style u-grey-15 u-layout-cell u-radius u-shape-round u-size-60 u-layout-cell-1\">\n                    <div class=\"u-container-layout u-valign-top-xxl u-container-layout-1\">\n                      <div class=\"fr-view u-align-center u-clearfix u-rich-text u-text u-text-2\">\n                        <p id=\"isPasted\"><span style=\"font-size: 1.25rem; font-weight: 700;\">Buts et fonctionnement<\/span>\n                        <\/p>\n                        <p><span style=\"font-size: 0.875rem;\">La MJC vise \u00e0 la promotion culturelle et sociale de toute la population de La Fert\u00e9 Milon et de ses environs. L\u2019\u00e9quipe de b\u00e9n\u00e9voles vise \u00e0 d\u00e9velopper la citoyennet\u00e9 et le bien vivre ensemble. Pour cela, elle essaie d\u2019organiser un maximum d\u2019activit\u00e9s culturelles, sportives, de loisirs avec un fonctionnement hebdomadaire permettant aux adh\u00e9rents de se rencontrer, de s\u2019\u00e9panouir, d\u2019\u00e9changer. De nombreux animateurs sont b\u00e9n\u00e9voles. Certaines activit\u00e9s n\u00e9cessitent l\u2019intervention de salari\u00e9s dipl\u00f4m\u00e9s ou de prestataires de services. Le budget g\u00e9n\u00e9ral ne permet pas de salarier un Directeur professionnel, m\u00eame \u00e0 mi-temps seulement, qui permettrait plus de dynamisme. N\u00e9anmoins, un certain nombre de spectacles, d\u2019animations et d\u2019expositions sont propos\u00e9s au public certains week-end selon les opportunit\u00e9s et disponibilit\u00e9 des b\u00e9n\u00e9voles;<\/span>\n                        <\/p>\n                      <\/div>\n                    <\/div>\n                  <\/div>\n                <\/div>\n              <\/div>\n              <div class=\"u-size-33\">\n                <div class=\"u-layout-col\">\n                  <div class=\"u-container-style u-image u-layout-cell u-radius u-size-30 u-image-1\" data-image-width=\"1024\" data-image-height=\"508\" style=\"background-image: url(&quot;https:\/\/micheldewerdt.fr\/WP\/wp-content\/uploads\/2026\/08\/administrateurs-animateurs-.-pour-les-50-ans-1024x508-1.jpg&quot;);\">\n                    <div class=\"u-container-layout u-container-layout-2\"><\/div>\n                  <\/div>\n                  <div class=\"u-container-style u-grey-15 u-layout-cell u-radius u-shape-round u-size-30 u-layout-cell-3\">\n                    <div class=\"u-container-layout u-valign-top-xs u-valign-top-xxl u-container-layout-3\">\n                      <p class=\"u-align-center u-text u-text-3\"><span style=\"font-weight: 700;\">Composition du Conseil d'administration<\/span>\n                        <br>\n                        <br>\n                      <\/p>\n                    <\/div>\n                  <\/div>\n                <\/div>\n              <\/div>\n            <\/div>\n          <\/div>\n        <\/div>\n      <\/div>\n    <\/section>\n    \n    \n    \n  \n","protected":false},"excerpt":{"rendered":"<p>A propos de la M\u200bJC de la Fert\u00e9 Milon Buts et fonctionnement La MJC vise \u00e0 la promotion culturelle et sociale de toute la population de La Fert\u00e9 Milon et de ses environs. L\u2019\u00e9quipe de b\u00e9n\u00e9voles vise \u00e0 d\u00e9velopper la citoyennet\u00e9 et le bien vivre ensemble. Pour cela, elle essaie d\u2019organiser un maximum d\u2019activit\u00e9s culturelles, &hellip; <a href=\"https:\/\/micheldewerdt.fr\/WP\/a-propos-de\/\" class=\"more-link\">Continue reading<span class=\"screen-reader-text\"> \u00ab\u00a0\u00c0 propos de\u00a0\u00bb<\/span><\/a><\/p>\n","protected":false},"author":1,"featured_media":0,"parent":0,"menu_order":2,"comment_status":"closed","ping_status":"closed","template":"","meta":{"footnotes":""},"class_list":["post-3425","page","type-page","status-publish","hentry"],"_links":{"self":[{"href":"https:\/\/micheldewerdt.fr\/WP\/wp-json\/wp\/v2\/pages\/3425","targetHints":{"allow":["GET"]}}],"collection":[{"href":"https:\/\/micheldewerdt.fr\/WP\/wp-json\/wp\/v2\/pages"}],"about":[{"href":"https:\/\/micheldewerdt.fr\/WP\/wp-json\/wp\/v2\/types\/page"}],"author":[{"embeddable":true,"href":"https:\/\/micheldewerdt.fr\/WP\/wp-json\/wp\/v2\/users\/1"}],"replies":[{"embeddable":true,"href":"https:\/\/micheldewerdt.fr\/WP\/wp-json\/wp\/v2\/comments?post=3425"}],"version-history":[{"count":2,"href":"https:\/\/micheldewerdt.fr\/WP\/wp-json\/wp\/v2\/pages\/3425\/revisions"}],"predecessor-version":[{"id":3482,"href":"https:\/\/micheldewerdt.fr\/WP\/wp-json\/wp\/v2\/pages\/3425\/revisions\/3482"}],"wp:attachment":[{"href":"https:\/\/micheldewerdt.fr\/WP\/wp-json\/wp\/v2\/media?parent=3425"}],"curies":[{"name":"wp","href":"https:\/\/api.w.org\/{rel}","templated":true}]}}

À propos de

<section class="u-clearfix u-gradient u-section-2" id="block-2">
      <div class="u-clearfix u-sheet u-sheet-1">
        <h2 class="u-subtitle u-text u-text-default u-text-white u-text-1">A propos de la M​JC de la Ferté Milon </h2>
        <div class="data-layout-selected u-clearfix u-expanded-width u-gutter-16 u-layout-wrap u-radius u-layout-wrap-1">
          <div class="u-layout">
            <div class="u-layout-row">
              <div class="u-size-27">
                <div class="u-layout-col">
                  <div class="u-container-style u-grey-15 u-layout-cell u-radius u-shape-round u-size-60 u-layout-cell-1">
                    <div class="u-container-layout u-valign-top-xxl u-container-layout-1">
                      <div class="fr-view u-align-center u-clearfix u-rich-text u-text u-text-2">
                        <p id="isPasted"><span style="font-size: 1.25rem; font-weight: 700;">Buts et fonctionnement</span>
                        </p>
                        <p><span style="font-size: 0.875rem;">La MJC vise à la promotion culturelle et sociale de toute la population de La Ferté Milon et de ses environs. L’équipe de bénévoles vise à développer la citoyenneté et le bien vivre ensemble. Pour cela, elle essaie d’organiser un maximum d’activités culturelles, sportives, de loisirs avec un fonctionnement hebdomadaire permettant aux adhérents de se rencontrer, de s’épanouir, d’échanger. De nombreux animateurs sont bénévoles. Certaines activités nécessitent l’intervention de salariés diplômés ou de prestataires de services. Le budget général ne permet pas de salarier un Directeur professionnel, même à mi-temps seulement, qui permettrait plus de dynamisme. Néanmoins, un certain nombre de spectacles, d’animations et d’expositions sont proposés au public certains week-end selon les opportunités et disponibilité des bénévoles;</span>
                        </p>
                      </div>
                    </div>
                  </div>
                </div>
              </div>
              <div class="u-size-33">
                <div class="u-layout-col">
                  <div class="u-container-style u-image u-layout-cell u-radius u-size-30 u-image-1" data-image-width="1024" data-image-height="508" style="background-image: url(&quot;https://micheldewerdt.fr/WP/wp-content/uploads/2026/08/administrateurs-animateurs-.-pour-les-50-ans-1024x508-1.jpg&quot;);">
                    <div class="u-container-layout u-container-layout-2"></div>
                  </div>
                  <div class="u-container-style u-grey-15 u-layout-cell u-radius u-shape-round u-size-30 u-layout-cell-3">
                    <div class="u-container-layout u-valign-top-xs u-valign-top-xxl u-container-layout-3">
                      <p class="u-align-center u-text u-text-3"><span style="font-weight: 700;">Composition du Conseil d'administration</span>
                        <br>
                        <br>
                      </p>
                    </div>
                  </div>
                </div>
              </div>
            </div>
          </div>
        </div>
      </div>
    </section>

<p>A propos de la M​JC de la Ferté Milon Buts et fonctionnement La MJC vise à la promotion culturelle et sociale de toute la population de La Ferté Milon et de ses environs. L’équipe de bénévoles vise à développer la citoyenneté et le bien vivre ensemble. Pour cela, elle essaie d’organiser un maximum d’activités culturelles, &hellip; <a href="https://micheldewerdt.fr/WP/a-propos-de/" class="more-link">Continue reading<span class="screen-reader-text"> « À propos de »</span></a></p>
